(112)?
22
Let s(b) = -236*b + 813. Calculate the remainder when s(-1) is divided by 210.
209
Let g(d) = 17*d**2 + 124*d + 7. What is the remainder when 647 is divided by g(2)?
1
Suppose -235 = 562*w - 1134*w + 567*w. Calculate the remainder when 300 is divided by w.
18
Let k(c) = 2*c**2 + 23*c - 25. Let w be k(-14). Suppose 0 = -t + 3*h + w, -3*t = -2*h - 3*h - 119. Calculate the remainder when 395 is divided by t.
32
Suppose -9*b + 87*b = 3354. Calculate the remainder when 641 is divided by b.
39
Calculate the remainder when (-6)/6 + ((-1062460)/(-105))/(4/6) is divided by 22.
19
Let t be (-6)/4 + (-99)/(-22). Let v be (t - 6/(-9))*3. Suppose 2*b + 5 = v. What is the remainder when 14 is divided by b?
2
Suppose -3*c = 2*x + 90 - 401, 0 = 4*c + 9*x - 402. What is the remainder when 224 is divided by c?
14
Suppose -2*c = 8, 3*u + 4 = -0*u - 4*c. Let j = 143 + -80. Calculate the remainder when j is divided by (-55)/(-15)*(-1 + u).
8
Suppose 763*a - 617*a - 2920 = 0. Calculate the remainder when 5597 is divided by a.
17
Let z be (-7)/(35/65)*-12. Calculate the remainder when 231 is divided by 20/(-15)*z/(-8).
23
Suppose 4*w = 4*b - 816, -b + 2*w - 33 = -233. Calculate the remainder when 849 is divided by b.
17
Let j = -306 - -312. Suppose 4*n = 3*p + 204, j*p - 290 = -5*n + p. What is the remainder when 103 is divided by n?
49
Let f = 2 - 0. Calculate the remainder when 18 + (-7 - -18 - 12) is divided by f.
1
Suppose -2*p = 5*m - 2088, -m + 3119 = -11*p + 14*p. Calculate the remainder when p is divided by 42.
31
Let i = -1698 + 1815. What is the remainder when 347 is divided by i?
113
Let s(q) = -q**2 + 17*q + 75. What is the remainder when 346 is divided by s(10)?
56
Let h be (9 + -7)/2*6. Suppose -5*i + 4*g + 245 = 0, 9*i - h*i - 144 = 3*g. What is the remainder when 203 is divided by i?
44
Suppose 44 = 3*a - l, -a - l - 4 + 12 = 0. Suppose y - 2*y + a = n, -5*n + 41 = 3*y. Calculate the remainder when 12 is divided by (y - (-2)/(-2)) + -3 + 1.
3
Suppose -3*h = 11*t - 9*t - 57, 4*h - 78 = -2*t. Suppose -5*i + 3*b = -49, -5*i - 3*b = b - 28. What is the remainder when 119 + (i/(-4) - -6) is divided by h?
18
Suppose 4*o + o = 90. Suppose -2*l - 67 = -85, 5*r - 133 = 3*l. What is the remainder when r is divided by o?
14
Suppose 882 = 12*o - 27 - 555. What is the remainder when 5610 is divided by o?
120
Suppose -260 = -4*v + 4*o, -9*v - 219 = -12*v - o. Calculate the remainder when 9015 is divided by v.
69
Suppose -4699 = -8*s + 3949. Suppose s = 5*m - 2274. Calculate the remainder when m is divided by 84.
83
Suppose -661 = -5*p + 2*k, -3*k = p + 2*p - 384. Let r = -80 + p. Suppose 2*y - 2 - 2 = 0, -2*y + r = b. What is the remainder when b is divided by 17?
13
Suppose -5*b - 37 = -4*g, 2*b + 45 = 5*g - 3*b. Let h = 138 - 84. Suppose 10*z = 96 + h. Calculate the remainder when z is divided by g.
7
Suppose 12*w - 18*w + 54 = 0. Suppose -3*d + 583 = 5*a, 2*a + w*d - 4*d = 237. Calculate the remainder when a is divided by 10.
6
Suppose -4107 = -6*q - 3381. Calculate the remainder when q is divided by 37.
10
Let p(y) = 2*y + 5. Let q = 81 - 81. Suppose 9*w - 6*w - 15 = q. Calculate the remainder when p(w) is divided by 4.
3
What is the remainder when 443 is divided by (-6)/15 - ((-2)/(-19) - 898495/6175)?
8
Suppose 5*o + 138 = -h - 435, -3*o + 2*h = 349. Let b = -62 - o. Calculate the remainder when b is divided by (-7)/((-18)/12 + 1).
11
Let r(d) = d + 22. Suppose -a + 16 = 5*c, -c - 5*a = 3*c - 17. Suppose c*b = 5*o - 40, -2*b + 17 = 5*o + 52. What is the remainder when 16 is divided by r(b)?
2
Let h be 15/(-42)*12*-7. Suppose 4*j = j + h. Let i(b) = b + 34. What is the remainder when i(3) is divided by j?
7
Let l be 4/(24/9) + 295/2. Let r = 213 - l. Calculate the remainder when 65 is divided by r.
1
Suppose 2*o - 17 = 2*g + 7, -2*o + g = -26. Let u be -43*(1 - 0)*-1. What is the remainder when u - (-4)/(4/(-3)) is divided by o?
12
What is the remainder when 98 is divided by 3 + (3 + -6 + 4)*0?
2
Let b = 141 + -147. Calculate the remainder when 299 is divided by 720/(-56)*28/b.
59
What is the remainder when 11846 + (12 + -10)*-2 is divided by 21?
19
Let l = -9746 + 10233. Calculate the remainder when l is divided by 94.
17
Let t = 221 - 97. Suppose 20*d - 12 = 16*d. Suppose d = -3*j + 45. Calculate the remainder when t is divided by j.
12
Suppose 45*u = 49*u - 76. Suppose 3*j = y + u, -j - 2*y - 4 + 22 = 0. What is the remainder when (22/6)/(j/264 + 0) is divided by 31?
28
Suppose 0 = -46993*g + 46982*g + 6413. What is the remainder when g is divided by 29?
3
Let w(c) = -573*c - 4263. Calculate the remainder when w(-8) is divided by 285.
36
Suppose 5*w = 5*y + 1705, -1023 = -23*y + 26*y - 4*w. Let d = -306 - y. What is the remainder when d is divided by 18?
17
Let h(q) = 141*q**2 - 111*q - 866. What is the remainder when h(-6) is divided by 17?
14
Let m(u) = -231*u - 9429. What is the remainder when m(-41) is divided by (18/5)/((-4)/(-10))?
6
Suppose -3*q = 2*s - 91, -51*s + 50*s = 26*q - 707. Calculate the remainder when q is divided by -3*7*1/(-3).
6
Suppose 0 = -2*s + 2*k + 44, -54 = -3*s + 202*k - 201*k. Suppose -t - 2*t + 717 = 0. What is the remainder when t is divided by s?
15
Let d(o) = -7*o**3 + 84*o**2 - 61*o - 1. What is the remainder when d(11) is divided by 17/1 - (-1 + 2)?
15
Let i(s) = -88*s - 1220. What is the remainder when 4856 is divided by i(-14)?
8
Suppose 0 = 4*u - 3*g - 2018, -55*u + 3*g - 2054 = -59*u. Calculate the remainder when u is divided by 27.
23
Calculate the remainder when 6860 is divided by -10 + 17 + -11 + 70.
62
Let w = -40 + 48. Suppose 22 = 2*a - w. Suppose 4*z + 4*l - a = 29, 29 = 3*z + 2*l. Calculate the remainder when z is divided by 4.
3
Suppose -q = -3*r + 172 + 66, 0 = 2*r - 5*q - 176. Let i(g) = -g + 144. Let u be i(19). Let c = u - 97. Calculate the remainder when r is divided by c.
22
Suppose 296 = 5*o - b, -11*o + 10*o - 6*b = -22. Let m = -2 - -17. Calculate the remainder when o is divided by m.
13
Let i(j) = 173*j**2 - 457*j - 1. Calculate the remainder when 728 is divided by i(3).
173
Let k(f) = -f**3 + 13*f**2 + 12*f - 11. Suppose -42 = -5*g + 2*g - 4*p, 0 = g + 5*p - 25. Calculate the remainder when k(12) is divided by g.
7
Let w(z) = z**3 + 13*z**2 - 15*z + 25. Let p be w(-14). Suppose -11 + p = 2*m. Suppose -m*n = 7*n - 147. Calculate the remainder when n is divided by 2.
1
Suppose 2*k - 27 = 5*s, -2*k + k - 32 = 4*s. Let p(f) = -68*f - 877. What is the remainder when 2/s + (-387)/(-7) is divided by p(-13)?
6
Let x be (5 - 1) + (0 - 0). Let h = 4 - x. Suppose 188 = 2*q + v + 2*v, -3*q + 2*v + 282 = h. What is the remainder when q is divided by 24?
22
Let x(u) = -78*u + 717. What is the remainder when 1032 is divided by x(9)?
12
Suppose 0 = 593*w - 618*w + 250. Let p = -14 + 153. Calculate the remainder when p is divided by w.
9
Suppose -3*c - 2*b - 1508 = -1612, -4*b + 140 = 4*c. What is the remainder when 991 is divided by c?
5
Let m = 413 + -260. Suppose -o - 48 = -m. Calculate the remainder when o is divided by 38.
29
Let r(c) = 5*c + 14. Let z be r(25). Suppose z*q = 135*q + 88. What is the remainder when 143 is divided by q?
11
Let l = 2 - -5. Let s(r) = -r**2 - 12*r - 8. Let f be s(-10). Let i(a) = -3*a + 38. Calculate the remainder when l is divided by i(f).
1
Suppose -60*s + 38014 = 23*s. Calculate the remainder when 931 is divided by s.
15
Suppose 8*a = 5*k + 7*a - 350, 5*k + a = 360. Calculate the remainder when 327 is divided by k.
43
Calculate the remainder when 96 is divided by 2/(-8) + 1 - (10 + (-445)/20).
5
Let c be -2 - 12*(2 + (-7)/3). Suppose c*j - 126 = -20. Calculate the remainder when j is divided by 28.
25
Let b(n) = -26*n - 13. Let r(f) = f**2 + 23*f - 5. Calculate the remainder when r(-26) is divided by b(-1).
8
Suppose -u + 16 = 2. Suppose -4*d - 41 = -q, -q - 4*d + 118 = q. Suppose -83 = -2*z + q. Calculate the remainder when z is divided by u.
12
Suppose -68*b + 63*b + 10 = 0. Suppose t - 5 = b*i, -t + 2*i = -i. Let l(u) = u**2 - 10*u + 14. What is the remainder when t is divided by l(9)?
0
Suppose -16*p + 190 = -6*p. Let l(s) = -4*s + 31. Let n be l(-22). Suppose n + 13 = v. Calculate the remainder when v is divided by p.
18
Let s be (1264/20)/(8/(-120)). Let a 